 n = w - -5. Let j(m) = -m - 4. Determine j(n).
0
Let j(o) = 7*o - 6. Let m(d) = d - 1. Let b(f) = j(f) - 5*m(f). Determine b(3).
5
Suppose -3*l - 18 = -4*l. Suppose -l = 2*g - 5*g. Let f(m) = 5 + 0 - m + g. Give f(5).
6
Let x(d) = -d**3 - 14*d**2 - 26*d - 22. Let s be x(-12). Let z(c) = c - 1. What is z(s)?
1
Let y(g) = -g**2 - 5*g + 1. Suppose -4*z + l - 2*l = 23, -1 = 2*z - 3*l. Calculate y(z).
1
Let g(t) be the first derivative of t**3/3 - t**2/2 + 10*t - 9. What is g(0)?
10
Let l be 9/2 - (-35)/(-14). Let z(c) = -2*c**3 + 2*c**2 + c + 1. Calculate z(l).
-5
Let k(o) = 5075*o - 5082*o + o**2 + 1 - 5. Give k(7).
-4
Suppose -t = -2*t. Let a be -1 - (-5 + 1 + -1). Let d(o) = -a*o**2 + 7 - o**3 - o + 4*o**2 + 0 - o**2. What is d(t)?
7
Suppose -p + c - 2 = -2*p, -3*p = -c - 2. Let w be (-1 - 0) + (p - -3). Let k(g) = -3*g**w + g + 0*g**3 + 0*g. Determine k(1).
-2
Let y(c) = 3*c**2 - 3*c - 4. Let q(p) = -p**2 + 2*p + 2. Let w(g) = 5*q(g) + 2*y(g). Let n be (4/(-10))/((-67)/(-335)). Calculate w(n).
-2
Let w(j) = -j + 6. Suppose -5*o - 11 + 1 = 0. Suppose -2*m = m - 6. Let x = m + o. What is w(x)?
6
Let u = -4 - 1. Let g(b) = b**3 + 5*b**2 + b + 7. What is g(u)?
2
Let s be 3*(1 + 5/(-3)). Let k be 2*(-1)/(s + 1). Suppose -2 = -k*l + z - 3*z, -5*l - 15 = -5*z. Let a(d) = -5*d. Determine a(l).
5
Let q(d) = -d - 7. Suppose -2*i = 2*s - 12, -3*s = 3*i + 2*i - 24. Suppose 13 + 2 = -i*r. What is q(r)?
-2
Let a(q) = -7 + q - 2*q + 5*q - 3*q. Let j(f) = f**2 + f - 2. Let x = -4 - -2. Let s be j(x). Give a(s).
-7
Suppose 4*v + 5*x = 60, -x = 4*v + 3*x - 56. Let z(n) = 1 + 3 + v*n**3 - 11*n**3 - n. Give z(0).
4
Suppose 6*h - 15 = 11*h. Let o(f) be the first derivative of 3*f**2/2 + 3*f - 1. What is o(h)?
-6
Let o(j) = j**2 - 5*j - 1. Let k(w) = -3*w**2 + 11*w + 3. Let y(r) = r**3 - 7*r**2 + 7*r - 8. Let l be y(6). Let n(d) = l*k(d) - 5*o(d). Calculate n(-3).
-1
Suppose 2*h = 5*c - 27, -2*h + 15 = -0*c + c. Let w(b) = b**3 - 7*b**2 + b - 6. Give w(c).
1
Let d(y) = -2 - 5*y + 3 + 5 - 7*y**2 + 1 - y**3. Determine d(-6).
1
Let q(r) = -9*r**3 + 1. Let w be q(1). Let o(l) = -l**2 - 8*l + 4. Let z be o(w). Let c(g) = 4*g + 0*g + 5 - z. Calculate c(1).
5
Let v = 115 + -110. Let i(y) be the second derivative of y + 2*y**2 + 1/3*y**4 + 0 - 5/6*y**3 - 1/20*y**v. What is i(3)?
-2
Suppose 0 = 4*x - 2 - 6. Let w(g) = -2*g + 2*g**2 + 6*g - 2*g - x. Let n(y) = -y**3 + 17*y**2 + 2*y - 36. Let a be n(17). Give w(a).
2
Let q(g) be the first derivative of 2*g + 1 + 3/2*g**2. Calculate q(-2).
-4
Let j(m) = -m + 3. Let w be j(6). Let c(o) = -o**3 + 5*o + 0*o**3 + 4 + 0*o - 2 - o**2. Give c(w).
5
Let f(q) be the first derivative of -q**7/840 - q**6/360 - q**5/120 + 4*q**3/3 - 2. Let u(l) be the third derivative of f(l). Calculate u(0).
0
Let z(n) be the third derivative of n**4/24 - n**3/6 + 2*n**2. Determine z(2).
1
Let q(o) = -o. Let d(g) = -2*g. Let u(j) = -2*d(j) + 5*q(j). Determine u(6).
-6
Let g(b) be the first derivative of -b**3/3 - 5*b**2/2 - 2*b + 10. Let j = -11 + 6. Determine g(j).
-2
Let x = -38 + 59. Let i = x + -23. Let u(n) = -7*n - 2. Determine u(i).
12
Let u = -3 + 5. Let g(v) = -4*v - 3 + 6*v**2 + 3*v - 5*v**u. Give g(-3).
9
Let y be (9 - -3)*1/3. Let p(c) = -2*c**2 - y - 2*c + 2*c**3 - 3*c**3 + 2. Determine p(-2).
2
Let g(l) = -2 + 4 + 7*l + 6*l**2 + 0*l + l**3 + 4. Calculate g(-4).
10
Let p be (0 - 3)*(-5)/(-5). Let g(m) = -2*m + 1. Give g(p).
7
Let d(x) = x**3 - 6*x**2 + 5*x - 1. Let i(j) = -j - 4. Suppose -3*k = 3*f + 12, k + 7 = 3*f - 17. Let r be i(k). Determine d(r).
-1
Let s(l) be the third derivative of -1/24*l**4 + 0*l + 2*l**2 + 0 + 1/6*l**3. Let x = 2 - 6. Calculate s(x).
5
Let t(w) = w. Let l be t(-2). Let v(h) = 3*h**2 - 2*h - 7. Let z(n) = -7*n**2 + 3*n + 15. Let x(j) = l*z(j) - 5*v(j). Calculate x(6).
-7
Let c = 63/2 - 31. Let x(q) be the third derivative of 0*q - 2*q**2 + 1/60*q**5 + 0 + 5/24*q**4 + c*q**3. Give x(-4).
-1
Let l(z) = 7*z + 3. Let o(x) = -x**2 + 15*x + 7. Let i(y) = 5*l(y) - 2*o(y). What is i(-4)?
13
Suppose 17 = -t + 20. Let f = 16 - 11. Let p(q) = -q - t*q + 3 + f*q. Calculate p(-4).
-1
Let f = -147 + 146. Let x(k) = -k**2 + 6*k**3 + k + 9*k**3 - 1 - 2*k. Give x(f).
-16
Suppose 4*p + 10 = -5*q - p, 0 = -5*q - 3*p. Let f be (1/q)/(1/(-12)). Let t(u) = -3*u - 6. What is t(f)?
6
Suppose 3*x - 25 = 5*v, 6*x = 2*x - 5*v - 25. Let o(k) = -k**3 - k**2 + k - 12. Determine o(x).
-12
Let t(n) = n**3 + 1. Let k(m) = -4*m**3 + 2*m**2 - 1. Let f(p) = k(p) + 5*t(p). Give f(-3).
-5
Let w(h) be the third derivative of -h**4/6 - h**3/6 + 8*h**2. Determine w(1).
-5
Let y(m) = 4*m**2 - 10*m. Let j(b) = 5*b**2 - 11*b. Let l(w) = 3*j(w) - 4*y(w). Let g(o) = o**2 - 7*o - 1. Let x(d) = 3*g(d) + 4*l(d). Calculate x(3).
9
Let o(d) = 4*d - 3. Let i(g) = -g + 1. Let h(y) = i(y) + o(y). Let r = 14 - 10. Suppose -5*x - c = -8, -3*x + r*c + 12 = -x. Calculate h(x).
4
Suppose -3*k + 5 + 4 = 0. Suppose -2*u - 30 = k*u. Let h(f) = -3*f - 8. Give h(u).
10
Let k be (-16)/(-6) + 2/(-3). Let i(c) = -2*c**2 + c + 2. Let m be i(k). Let v(h) = -h**2 - 4*h - 3. Determine v(m).
-3
Let v = -1/157 + 159/314. Let y(k) be the second derivative of -1/2*k**3 + 0 + v*k**2 - 4*k. Determine y(2).
-5
Let i be 92/20 + (-4)/(-10). Let y(z) = -2*z - z - 13 - 2*z + 6 + z**2. What is y(i)?
-7
Let z(t) = t**2 + 5*t + 2. Let d = -11 - -19. Let m be (0 + -6)/((-6)/d). Let o be 3*1/((-6)/m). Calculate z(o).
-2
Let d(q) = -3*q. Let f(i) = -i**2 - 12*i + 10. Let r be f(-13). Let g = r + -1. Determine d(g).
12
Let z = -2 + 5. Let s(n) = n**2 + 10*n + 10. Let p be s(-9). Let g(b) = 4*b**3 + 3*b**2 - p + 3*b**z - b - 6*b**3. Give g(-2).
5
Suppose 3*i + 3*z = -2*z - 28, 3*i + 3*z = -18. Let d(s) = 6*s - 1. Let n be d(1). Let q(b) = b**2 + b - 3*b**2 + 3*b**2 + 1 + n*b**3 - 2*b**3. Determine q(i).
-2
Let m(h) = 7*h**2 - h**3 + 2*h**2 - 13*h**2 + 1 - 4*h. What is m(-3)?
4
Suppose -h + 17 = -8. Suppose 3*f = -0*f - 4*p + 17, -5*f + 4*p = h. Let i(k) = -4*k**2 + 0*k**2 + 0*k**2. Give i(f).
-4
Let t(r) = 2*r - 6. Let l be (12 + -1)*(4 - 2). Let j = l + -32. Let i = -6 - j. Determine t(i).
2
Let v(z) be the second derivative of 0 - 1/3*z**3 + 2*z - 1/2*z**2. Determine v(-4).
7
Suppose 0 = -w - 2*k + 10, k + 0*k = 4. Suppose w*b - 5 = -u, -5 = 3*b - 6*b + u. Let a be (-1)/b*(2 - -2). Let c(h) = -h + 1. Determine c(a).
3
Let s(m) be the second derivative of -m**4/12 + 2*m**3/3 + 7*m**2/2 - 2*m. Give s(5).
2
Let b = 22 + -18. Let l(y) = -y**2 + 4*y + 3. Give l(b).
3
Let w(i) = -i**3 + i - 4*i**2 + 4*i**2 + 7. Let q(c) = c**2 - 8*c + 12. Let z be q(6). Give w(z).
7
Let k(b) be the first derivative of -b**5/120 - b**4/8 + b**3/3 - 2. Let w(a) be the third derivative of k(a). Let d = -1 - 4. Give w(d).
2
Suppose 6 = 2*o - 0*o. Suppose o - 1 = -2*f. Let j be (5/(-10))/(f/(-10)). Let t(i) = -i**2 - 5*i + 6. Give t(j).
6
Let s(f) = -f**3 - 3*f**2 + 3*f. Suppose 0*r - 33 = -3*r. Let a be (-2)/(-1)*(r + -3). Suppose -z - 3*z - a = 0. Determine s(z).
4
Suppose -3 = 4*u + 13. Let j(f) = -5*f. Let y be j(-1). Let w(h) = 3*h - 5. Let a(p) = -2*p + 5. Let c(k) = y*w(k) + 6*a(k). Give c(u).
-7
Let j(x) = -x. Let l(o) = -10*o - 1. Let z(p) = 6*j(p) - l(p). Calculate z(3).
13
Suppose -12*t = -4*t + 16. Let m(n) = n**3 - 2*n**2 - n - 2. Give m(t).
-16
Let u(a) = a**2 - a + 4. Let v = -1 - -1. Let k = 8 + 1. Suppose 2*q + q - k = v. What is u(q)?
10
Let u(n) be the third derivative of 3*n**4/8 + n**3 - 2*n**2. Let f(s) = -2*s - 1. Let b(l) = 11*f(l) + 2*u(l). What is b(-1)?
5
Suppose -3*j = -5*l - j + 6, -4*j = -4*l. Let x(m) = -l - 1 - m + 2. Let z = 10 - 6. Determine x(z).
-5
Let k = -13 - -17. Let z(d) = -3 - 2 + k + d. Calculate z(-2).
-3
Let w(c) = -3*c - 3. Let d be w(-5). Suppose y - 4*m = 3*y + d, 3*y + 13 = -m. Let u(x) = x + 1. What is u(y)?
-3
Let i(z) = 6*z**2 - 5*z - 4. Let g(d) = 2*d + d**2 - 1 - 3*d + 0*d + 0*d**2. Let u(w) = 5*g(w) - i(w). Determine u(0).
-1
Let i(v) = v**3 - 6*v**2 + 6*v - 2. Let k be i(5). Suppose 5*w - k = 7. Let h(t) = -t**2 + 0*t**2 + 0*t**w. Calculate h(2).
-4
Let c(s) = -9*s - 4. Let b(i) be the first derivative of 4*i**2 + 4*i - 7. Let n(y) = -6*b(y) - 5*c(y). Give n(-4).
8
Let h(i) = -10*i**2 + 32*i**2 - 18*i**2 - 6*i + i**3 - 4. Give h(-5).
1
Let k(z) be the second derivati